t common divisor of 17771237 and 11.
11
Calculate the highest common factor of 600 and 16.
8
What is the highest common divisor of 3197304 and 367?
367
Calculate the greatest common divisor of 1212 and 35552.
404
What is the highest common divisor of 32412 and 36?
12
What is the highest common factor of 66 and 3492192?
66
Calculate the highest common factor of 26781 and 29267.
113
Calculate the greatest common divisor of 2611 and 246553.
373
What is the greatest common divisor of 269424 and 144?
144
Calculate the greatest common factor of 165 and 1639429.
11
What is the greatest common factor of 2060 and 2478695?
515
Calculate the greatest common divisor of 196 and 234563.
49
Calculate the greatest common divisor of 2184 and 1079.
13
What is the highest common divisor of 136332 and 686?
14
What is the highest common divisor of 2438256 and 96?
48
Calculate the highest common factor of 2184 and 571662.
546
What is the highest common factor of 3100 and 21775?
25
What is the highest common factor of 90 and 322440?
30
What is the highest common divisor of 431914 and 42?
14
What is the greatest common factor of 109725 and 350?
175
What is the greatest common factor of 58 and 324278?
58
Calculate the greatest common divisor of 211347 and 207.
207
Calculate the highest common divisor of 575 and 48208.
23
Calculate the highest common factor of 2873 and 728195.
221
What is the highest common factor of 2856 and 1946?
14
What is the highest common divisor of 455 and 4680?
65
Calculate the highest common divisor of 75081 and 116.
29
What is the greatest common factor of 20 and 5843140?
20
What is the highest common divisor of 730 and 7811?
73
What is the highest common divisor of 8 and 609204?
4
What is the greatest common factor of 176 and 39296?
16
What is the greatest common factor of 136 and 108256?
136
What is the highest common divisor of 36726 and 498?
6
What is the greatest common factor of 181 and 6?
1
What is the highest common divisor of 14 and 6784092?
14
Calculate the greatest common factor of 492 and 522012.
492
Calculate the highest common divisor of 13924 and 12.
4
What is the highest common factor of 219 and 564?
3
What is the greatest common factor of 1178 and 12578?
38
What is the highest common divisor of 22630 and 496?
62
What is the highest common factor of 4662 and 69?
3
Calculate the highest common divisor of 8232888 and 24.
24
What is the greatest common divisor of 175021 and 3619?
77
What is the greatest common factor of 44 and 222211?
11
What is the greatest common divisor of 9856 and 3232?
32
Calculate the highest common factor of 14168 and 2552.
88
Calculate the highest common factor of 28050 and 1100.
550
Calculate the greatest common factor of 1111950 and 36.
18
Calculate the highest common divisor of 28779 and 3657.
159
Calculate the greatest common factor of 52059 and 2331.
777
What is the greatest common divisor of 115 and 4480837?
23
What is the highest common divisor of 138346 and 884?
442
Calculate the highest common factor of 426 and 66882.
426
What is the greatest common divisor of 8712789 and 1247?
1247
What is the greatest common factor of 2625689 and 319?
319
What is the greatest common divisor of 236 and 12154?
118
What is the greatest common divisor of 308 and 14448?
28
Calculate the highest common divisor of 31451 and 203.
7
What is the highest common factor of 516 and 160734?
258
What is the greatest common factor of 597840 and 141?
141
What is the highest common divisor of 23094981 and 1141?
1141
What is the highest common factor of 528960 and 41876?
2204
What is the highest common divisor of 72316 and 5370?
358
What is the highest common factor of 34992 and 816?
48
Calculate the greatest common factor of 132 and 112101.
33
Calculate the highest common factor of 47967 and 708.
177
Calculate the greatest common factor of 1116 and 19220.
124
What is the highest common factor of 51411 and 3?
3
Calculate the greatest common factor of 258342 and 126.
42
What is the greatest common factor of 342 and 73110?
6
What is the highest common factor of 1500 and 18100?
100
Calculate the highest common factor of 169957 and 1.
1
What is the greatest common divisor of 62 and 130?
2
What is the greatest common divisor of 186 and 81158?
62
Calculate the highest common factor of 3604 and 2380.
68
What is the highest common divisor of 44460 and 21489?
741
What is the highest common factor of 787061 and 44?
11
Calculate the greatest common factor of 469431 and 387.
387
What is the highest common factor of 10 and 712920?
10
What is the greatest common factor of 31 and 46049?
1
What is the highest common divisor of 158 and 44?
2
What is the highest common divisor of 10104 and 32856?
24
Calculate the greatest common divisor of 625 and 318625.
125
What is the greatest common divisor of 1890 and 904680?
630
Calculate the greatest common divisor of 290520 and 288.
72
Calculate the highest common divisor of 143931 and 39.
3
What is the highest common factor of 65760 and 9316?
548
What is the highest common divisor of 2439 and 11547?
9
Calculate the greatest common factor of 1342 and 5429.
61
What is the highest common factor of 853 and 807791?
853
What is the highest common divisor of 64339 and 209?
11
What is the highest common factor of 2329 and 527?
17
Calculate the highest common factor of 73702 and 129.
43
Calculate the highest common divisor of 1425454 and 428.
214
Calculate the highest common factor of 287490 and 39.
3
Calculate the greatest common factor of 65850 and 150.
150
Calculate the highest common factor of 1126279 and 33.
11
What is the highest common factor of 437296 and 49232?
2896
What is the greatest common divisor of 117 and 10917?
9
Calculate the highest common factor of 415 and 1773710.
415
What is the highest common factor of 40378 and 130?
26
What is the greatest common divisor of 40 and 5780?
20
Calculate the highest common divisor of 272 and 137768.
136
What is the greatest common factor of 61146 and 395?
79
Calculate the highest common factor of 89650 and 44.
22
What is the greatest common divisor of 129 and 87677?
43
What is the highest common factor of 462939 and 18?
3
What is the greatest common factor of 24472 and 65436?
532
What is the greatest common factor of 28 and 14658?
14
Calculate the highest common factor of 2862116 and 964.
964
Calculate the greatest common divisor of 5984 and 612.
68
Calculate the greatest common divisor of 79992 and 33.
33
What is the greatest common divisor of 160 and 113760?
160
What is the highest common divisor of 111474 and 1026?
18
Calculate the greatest common factor of 154946 and 44.
22
What is the greatest common factor of 21119 and 4741?
431
Calculate the highest common factor of 487 and 261519.
487
Calculate the highest common divisor of 78710 and 204.
34
Calculate the greatest common factor of 1288 and 336.
56
Calculate the highest common factor of 2967 and 3870.
129
Calculate the greatest common factor of 272200 and 200.
200
Calculate the greatest common divisor of 85533 and 217.
7
What is the greatest common factor of 11328 and 11918?
118
What is the greatest common divisor of 3102 and 22278?
282
What is the greatest common divisor of 1099 and 37523?
157
Calculate the highest common factor of 3008 and 2848.
32
Calculate the highest common divisor of 128997 and 2673.
99
What is the highest common factor of 40 and 10840?
40
What is the highest common divisor of 27610306 and 1198?
1198
Calculate the highest common factor of 19784 and 24.
8
Calculate the highest common factor of 92906 and 2706.
902
What is the greatest common divisor of 451 and 204963?
11
Calculate the highest common divisor of 365556 and 861.
123
What is the highest common divisor of 37 and 539127?
37
What is the greatest common divisor of 12082 and 1792?
14
Calculate the highest common divisor of 336 and 64848.
336
Calculate the highest common factor of 9 and 498618.
9
Calculate the greatest common divisor of 3066 and 31098.
438
Calculate the greatest common factor of 269346 and 16854.
318
What is the highest common factor of 40 and 37970?
10
What is the highest common factor of 4593 and 96?
3
What is the highest common divisor of 648 and 8568?
72
What is the highest common factor of 32523 and 11